**3 - 3*t**2 + 7*t + 540. Let z be (-4)/(2*-2 + 2). List the prime factors of g(z).
151
Suppose 20*t - 38463 = 48593 + 87644. What are the prime factors of t?
5, 1747
What are the prime factors of 396472/22 + 360/660?
2, 9011
What are the prime factors of (14 + 93 + -18)*(-36 + 1)*-3?
3, 5, 7, 89
Let o be 770/(-99) + 8 + 248/18. What are the prime factors of -7 + 0 - (o + -728)?
7, 101
List the prime factors of 8/6 - (-25)/((-1575)/(-360591)).
5, 229
Let u = -345 + 464. Suppose 131*k - 7764 = u*k. What are the prime factors of k?
647
Suppose 0 = -10*m + 37854 - 11644. Suppose -m = 14*v - 16817. What are the prime factors of v?
2, 3, 13
What are the prime factors of (-1120)/(-448)*65448/10?
2, 3, 101
What are the prime factors of (-15246)/(-3388)*-4*1*-1808?
2, 3, 113
Let y be -3 - (2 + -26)/4. Suppose 3*g + 4 = -4*l, -3*l = -y*g + 2*g + 16. Suppose -2*f + f + 206 = g*a, -2*a = 4*f - 110. What are the prime factors of a?
3, 17
Let q be 90/15 - (-251 + 2). Let g = -160 + q. What are the prime factors of g?
5, 19
Let b = 2966 + -2019. Let r be b + -5 + -3 - 2. Suppose -5*z + r = 52. What are the prime factors of z?
3, 59
Let p(a) = 2496*a**2 + 7*a - 14. What are the prime factors of p(2)?
2, 3, 13
Let y(j) = 11*j**3 - 6*j**2 - 8*j - 4. Let q be y(-3). Let x = q + 509. List the prime factors of x.
2, 89
Suppose 48824 = 5*b + c, -10*b + 29299 = -7*b - 4*c. What are the prime factors of b?
3, 5, 7, 31
Suppose 4*h = 3*k - 249, 0 = -3*k + 2*h + 142 + 101. List the prime factors of 2*k - -2*14/7.
2, 3
Let b = 207 - 199. List the prime factors of 14 - b - -1*157.
163
Suppose -4 + 0 = -c + 2*y, -4 = -c - 2*y. Let d be c*4/(-8) + 3*142. Let v = -259 + d. List the prime factors of v.
3, 5, 11
Let j = 1757 + 2253. List the prime factors of j.
2, 5, 401
Let t be ((-138)/(-8))/((-168)/(-224)). Suppose -28*f = -t*f - 6155. List the prime factors of f.
1231
Let y be -5 + -69 - (-8)/20*10. Suppose 5*v - 11 = -41. List the prime factors of (9/v + 4)/((-1)/y).
5, 7
Let k = 31 - 15. Suppose 35*q + 10 = 5*q + 70. Suppose q*l = 6*l + k, 0 = 5*f + 4*l - 414. List the prime factors of f.
2, 43
Suppose 37 = -w + 5*p + 6, -4*p + 108 = -4*w. Let v(y) = -3*y - 25. List the prime factors of v(w).
53
Let r = 6026 - 4261. List the prime factors of r.
5, 353
Suppose 109*m - 87*m - 3564 = 0. What are the prime factors of m?
2, 3
Suppose 0 = -4718*n + 4710*n + 321840. List the prime factors of n.
2, 3, 5, 149
Suppose -143*h + 569026 + 1445111 - 643482 = 0. List the prime factors of h.
3, 5, 71
Let t = 106 + -76. Suppose -2*o + t = 8. What are the prime factors of o/22 + 315/2?
2, 79
Let g(r) = 576*r**2 + 4*r - 6. Suppose 0 = -2*n - 5*j + 9*j + 18, -3*n + 4*j + 19 = 0. List the prime factors of g(n).
2, 7, 41
Suppose 0 = 23*y + 4506 + 3360. Let c = y - -419. What are the prime factors of c?
7, 11
Let f be 2/(-7) + (-2)/(-7). Suppose 0 = -3*u + v + 119, 7*v = -5*u + 4*v + 203. Suppose 4*j - 136 - u = f. What are the prime factors of j?
2, 11
Let r(a) = 16*a - 6. Let t be r(-5). Let u = -82 - t. Suppose 2 = -3*s - j + 38, 3*j = u*s - 61. What are the prime factors of s?
13
Suppose -2293 = -7*r + 1753. Let i = 1488 - r. What are the prime factors of i?
2, 5, 7, 13
Suppose 19 = 2*j + 2*w - 3*w, 2*w - 16 = -2*j. Suppose 5*g + 1408 = j*g. List the prime factors of g.
2, 11
Suppose 4*f = -4, -23*l - 3*f - 503793 = -30*l. List the prime factors of l.
2, 3, 5, 2399
Suppose 0 = -6*j - 213 + 11271. List the prime factors of j.
19, 97
Let k = -54 + 59. Suppose 140 = -p + 3*p + k*u, -3*u = 3*p - 210. Let o = 137 - p. What are the prime factors of o?
67
Let x(g) = 2*g**2 + 36. Let m = 218 - 225. What are the prime factors of x(m)?
2, 67
Let f = 87671 + -50348. What are the prime factors of f?
3, 11, 13, 29
Suppose 5*d - 3*z = 17826, 0 = 2*d - 87*z + 89*z - 7124. What are the prime factors of d?
2, 3, 11
Let r = -69 + 129. Suppose -4*j - 5*m = 278, -j + m - 5 - r = 0. Let s = j + 191. What are the prime factors of s?
2, 31
Suppose 0 = -4*k - 7*k + 3*k + 255312. What are the prime factors of k?
2, 3, 197
Let q be 7 - 32/6*-3. List the prime factors of (2 - (-3 + q))/((-12)/104).
2, 3, 13
Suppose -335808 = -8162*i + 8138*i. List the prime factors of i.
2, 3, 11, 53
Let h(m) = -7*m**3 + 5*m**2 - 9*m + 19. Let y be h(4). Let o = 134 - y. What are the prime factors of o?
3, 173
Suppose 0 = c + 3 - 3, -c + 29267 = 7*q. What are the prime factors of q?
37, 113
Let u be 0*(5 - 56/12). Suppose -2*s - i + 1433 = u, -s - 2*i - 337 = -1061. What are the prime factors of (9/12)/((-9)/s)*-2?
7, 17
Suppose -2*w + 4*d + 96126 = 0, w - 48098 = -676*d + 671*d. What are the prime factors of w?
48073
Let j(b) be the third derivative of b**5/20 - b**4/8 - b**3/3 - b**2. Let y = 3785 + -3781. What are the prime factors of j(y)?
2, 17
What are the prime factors of (-137040)/96*(-16 + 4)?
2, 3, 5, 571
Let p = 35 + 1. Suppose -5*s = s + p. Let x(j) = -14*j - 31. What are the prime factors of x(s)?
53
List the prime factors of 1735 + 1 + (232 - 228).
2, 3, 5, 29
Let a(p) = -3*p - 1. Let s(j) = j - 1. Let y(l) = -a(l) + 4*s(l). Let h be y(1). What are the prime factors of (5 + 21)*6/h?
3, 13
Suppose 0 = -3*b - 3 - 3. Let i be (6*b/(-8))/((-2)/(-4)). Suppose 0 = -5*n + i + 22, -n = -5*h + 75. What are the prime factors of h?
2
Suppose r = -4*h + 107521, -408*r + 53764 = 2*h - 404*r. What are the prime factors of h?
2, 3, 5, 7
Let u(i) = -i**2 + 9*i + 14. Let q be u(10). Suppose 0 = -q*h + 8, -4*o + h - 2 = -0*h. Suppose -3*m + 476 - 164 = o. What are the prime factors of m?
2, 13
Suppose 0 = -4*w + f + 18, 5*f = 3*w - 4*w - 6. Suppose -5*p - 8 - 34 = w*o, -o - 3 = 0. List the prime factors of -13*(2 + p - -3).
13
Suppose -17*o = -76390 - 806505. List the prime factors of o.
5, 13, 17, 47
Suppose 812 - 2652 = -2*u + v, 2*v = 8. Let d = 2338 - u. What are the prime factors of d?
2, 3, 59
Let j be ((-3)/((-18)/106))/((-1)/(-87)). Suppose -2*u + 1636 = 2*l, 5*u - 5*l = -j + 5657. What are the prime factors of u?
821
Let i = 148 + -146. What are the prime factors of 1*i/(-3) - (-20450)/75?
2, 17
Let b(l) = -7*l - 10. Let m be b(-2). Suppose 5*j - 311 = -4*y + 783, -4*j = m*y - 1096. What are the prime factors of y?
2, 3, 23
Let n(r) = -r**3 - 7*r**2 - 8*r + 3. Let t be n(-6). Suppose 0*p - 5*p + 1620 = v, t = -3*v. List the prime factors of p.
5, 13
Let v = -13 - -51. Suppose -2*b = -5*y + 1917, 32 = 3*y - 2*b - 1115. Suppose -y - v = -5*z + 3*x, -169 = -2*z + x. What are the prime factors of z?
2, 3, 7
Let m = 113 + -109. Suppose -5*h + 1480 = 2*g - 2138, -5*h = -m*g - 3594. What are the prime factors of h?
2, 19
Let a be ((-3)/(-6))/((-1)/(-228)). Suppose 3*d = 120 - a. Suppose d*x + 150 = 5*x. List the prime factors of x.
2, 5
Let o = -241 + 235. List the prime factors of (5 + 0)/(o/(-564)).
2, 5, 47
Let p(m) = -21*m**3 + 4*m**2 - 58*m + 92. What are the prime factors of p(-11)?
5, 19, 307
Let b = -401 + 2469. List the prime factors of b.
2, 11, 47
Suppose 0 = -19*k + 11*k - 48. Let h be -2*(507/k - 0). Let f = h + -28. List the prime factors of f.
3, 47
What are the prime factors of (-32797284)/(-476) + -4*3/(-84)?
2, 47, 733
Let s = 896 - -7690. List the prime factors of s.
2, 3, 53
Let g = -388 - -1532. Suppose -g = 2*l - 15*l. List the prime factors of l.
2, 11
Let b(u) = -u**3 - 14*u**2 + 24. Let p be b(-15). Let j = -157 + p. Suppose 3*o = j + 61. What are the prime factors of o?
3, 17
Let t = -793 - -793. Let x = 293 + -43. Suppose -3*i - 5*z + x = t, 5*i - 2*z - 2*z = 355. List the prime factors of i.
3, 5
Let m = 163 + 51. Let g = -137 + m. Let h = 124 - g. List the prime factors of h.
47
Suppose 0 = 29*s - 38335 - 111624. What are the prime factors of s?
5171
Let v(g) = -6*g + 1714. What are the prime factors of v(-55)?
2, 7, 73
Suppose -156 = -u - 3*u. Let c = 59 - u. What are the prime factors of (-48)/4*(-25)/c?
3, 5
Let u be 1 - (-3 + -3 + 1). Suppose -4*c = 3*i - 502, -u*i + 701 = -2*i - c. Suppose -2*p + 4*f + i = 0, 2*p + 4*f - 151 = 63. What are the prime factors of p?
97
Let a(k) = 517*k**2 + 101*k - 478. What are the prime factors of a(5)?
2, 1619
Suppose 27361 = 3*s - 4*h, -7*s + h = -6*s - 9119. List the prime factors of s.
5, 1823
Let f be (14/(-3))/(-1)*-6. Suppose -g = 10*g - 682. What are the 